22 + -2020012?
-2020111
In base 15, what is -a - -4?
-6
In base 12, what is 0 + -14?
-14
In base 6, what is -2453 - -1?
-2452
In base 2, what is 10111 - 11011000?
-11000001
In base 10, what is -83 + 5?
-78
In base 14, what is -15b - -5?
-156
In base 12, what is -a + -64?
-72
In base 4, what is -2001301 + 0?
-2001301
In base 2, what is 110 - 1010011?
-1001101
In base 8, what is 21275 + 4?
21301
In base 3, what is -1102 + 12?
-1020
In base 7, what is 12305 - 5?
12300
In base 6, what is -400 + 2?
-354
In base 14, what is -2 + 9db?
9d9
In base 16, what is 118b + 0?
118b
In base 8, what is 143 + 3?
146
In base 14, what is -35 - 10?
-45
In base 2, what is 1001010 - 1?
1001001
In base 14, what is 4 + -12b?
-127
In base 4, what is -301 + -1?
-302
In base 15, what is -1855 - 3?
-1858
In base 6, what is 111011 + -1?
111010
In base 7, what is -1 + -61?
-62
In base 8, what is -6700 + 13?
-6665
In base 3, what is -1 + -212?
-220
In base 15, what is 63 + a?
6d
In base 16, what is -2 - -f?
d
In base 8, what is -254 + 5?
-247
In base 3, what is 21202220 + -12?
21202201
In base 12, what is 1 + 264?
265
In base 12, what is -123 + -19?
-140
In base 16, what is 45a - 1?
459
In base 7, what is -11 + 2306?
2265
In base 16, what is -2 - 12a?
-12c
In base 8, what is 4 - 552?
-546
In base 5, what is -22 + 0?
-22
In base 15, what is -14 + -c?
-21
In base 12, what is -1 + -9?
-a
In base 7, what is -233 - 32?
-265
In base 16, what is d8 + 4?
dc
In base 5, what is -4 + -110300?
-110304
In base 3, what is 111110 - -2?
111112
In base 7, what is -33605 - 1?
-33606
In base 14, what is -38 + -1?
-39
In base 8, what is -13 - -570?
555
In base 10, what is 4 + 127?
131
In base 12, what is 1 - 1?
0
In base 14, what is -3b - 35?
-72
In base 16, what is -5 + 1e?
19
In base 16, what is 5 - -26f?
274
In base 7, what is 16561 + -3?
16555
In base 11, what is 49 - 0?
49
In base 14, what is 0 + -12d?
-12d
In base 2, what is -10001 + -10?
-10011
In base 10, what is 482 - -3?
485
In base 12, what is 540a - -2?
5410
In base 2, what is 11111111 - 10?
11111101
In base 12, what is 3 - 194?
-191
In base 14, what is 674 + -4?
670
In base 6, what is 2014 - -2?
2020
In base 9, what is -22 - 867?
-1000
In base 6, what is -1 - -10?
5
In base 12, what is 92 + 26?
b8
In base 11, what is -5 + -8?
-12
In base 4, what is 0 - 11111?
-11111
In base 11, what is 4968 - 2?
4966
In base 7, what is -113 - 6?
-122
In base 14, what is c5a + 5?
c61
In base 3, what is -111 + 100210?
100022
In base 12, what is 2b2 - -6?
2b8
In base 9, what is 0 + -4?
-4
In base 13, what is 33c + a?
349
In base 7, what is 121 + 6?
130
In base 2, what is -101 + -1100000001000?
-1100000001101
In base 2, what is -110 - 1011010?
-1100000
In base 12, what is a - -13?
21
In base 6, what is 5 + 334?
343
In base 7, what is 33 + -24?
6
In base 15, what is -d - -44?
36
In base 11, what is 5 + -4?
1
In base 13, what is 193 + -5a?
136
In base 11, what is 0 - 19?
-19
In base 5, what is 1133 + -22?
1111
In base 12, what is 7 - 5?
2
In base 9, what is -12 - -286?
274
In base 7, what is -4 + -264?
-301
In base 16, what is -4 - 846?
-84a
In base 2, what is 10011 - -10111?
101010
In base 2, what is -1000 + 1000?
0
In base 7, what is 5 + 64?
102
In base 15, what is 2 - ec1?
-ebe
In base 5, what is 11 - 2113?
-2102
In base 8, what is 213 - -3?
216
In base 5, what is 110 + -133?
-23
In base 14, what is 215 - -1b?
232
In base 5, what is 244 - -21?
320
In base 11, what is 0 + -14?
-14
In base 13, what is -901 + -2?
-903
In base 3, what is 211 - -100?
1011
In base 8, what is 55512 - 5?
55505
In base 13, what is 1 - 55?
-54
In base 9, what is 4 - 3025?
-3021
In base 2, what is -10000 - -10110?
110
In base 4, what is 223 + -12123?
-11300
In base 16, what is -172 - -3?
-16f
In base 12, what is -1 + -36?
-37
In base 12, what is -2 - -2866?
2864
In base 5, what is -31 + 1?
-30
In base 3, what is -11 + 2202?
2121
In base 13, what is -45 + 15?
-30
In base 10, what is -8 + 0?
-8
In base 5, what is -3 + 2040?
2032
In base 7, what is 16 + -31?
-12
In base 3, what is -11211002 - -11?
-11210221
In base 12, what is -392 + -2?
-394
In base 7, what is -3313 - -5?
-3305
In base 16, what is 9 + 7f?
88
In base 14, what is a2d1 + -1?
a2d0
In base 8, what is -134 + -4?
-140
In base 16, what is 4 + 86?
8a
In base 3, what is -12000110 - 10?
-12000120
In base 7, what is -32 - -33?
1
In base 15, what is -21 - -3?
-1d
In base 4, what is 3 + -1003?
-1000
In base 2, what is 10 + -10010111?
-10010101
In base 10, what is -8 + 122?
114
In base 16, what is -2 + 53?
51
In base 4, what is -3 + 12031?
12022
In base 5, what is 120332 - 4?
120323
In base 10, what is 196 + -137?
59
In base 11, what is -5 + 1a5?
1a0
In base 11, what is 6 - 281?
-276
In base 15, what is a - -8?
13
In base 14, what is 28 - 1a?
c
In base 4, what is -331 + -10112?
-11103
In base 8, what is 1644 + 2?
1646
In base 5, what is 101144 - -10?
101204
In base 5, what is 2 - -31120?
31122
In base 9, what is 3 - -23?
26
In base 12, what is -3 - -1300?
12b9
In base 16, what is -1 + 3d0?
3cf
In base 7, what is 1015 - 0?
1015
In base 8, what is 1776 - -1?
1777
In base 12, what is 183 - 5?
17a
In base 5, what is 1200 - 332?
313
In base 6, what is -122 - 20?
-142
In base 11, what is -a - -25?
16
In base 11, what is -32 - 9?
-40
In base 8, what is 4145 + 4?
4151
In base 15, what is d6 - -19?
100
In base 14, what is 10551 - 3?
1054c
In base 14, what is -4 + -2aa?
-2b0
In base 2, what is 101001 + 101001011?
101110100
In base 15, what is 35 - 4?
31
In base 10, what is 87 - -11?
98
In base 2, what is 11000001100 - 0?
11000001100
In base 14, what is -3 - ca?
-cd
In base 9, what is -1 - -456?
455
In base 12, what is 1 - 26b?
-26a
In base 2, what is 100 - 100101100?
-100101000
In base 7, what is 4 + -545?
-541
In base 14, what is 8 + 74?
7c
In base 7, what is -3 + -641?
-644
In base 15, what is 1 - -1e?
20
In base 10, what is 64 - 7?
57
In base 10, what is 3 - -134?
137
In base 11, what is 25 - -a?
34
In base 12, what is 696 - -5?
69b
In base 2, what is 100001010 - -110110?
101000000
In base 7, what is -1 + 5455?
5454
In base 14, what is -5 - 1a7?
-1ac
In base 3, what is -10110010 - -12?
-10102221
In base 14, what is -3 - -108?
105
In base 2, what is 110010101010 - 10?
110010101000
In base 6, what is 5 - 44?
-35
In base 12, what is 7 + 68?
73
In base 15, what is 152 - -2?
154
In base 13, what is -10 - -2?
-b
In base 6, what is 1303 - -1?
1304
In base 15, what is -3 - 6e?
-72
In base 12, what is -338b - -5?
-3386
In base 11, what is 407 + 3?
40a
In base 4, what is 3 + -1220?
-1211
In base 9, what is 33 + 853?
886
In base 7, what is -3 - -1261?
1255
In base 9, what is 4025 + 0?
4025
In base 12, what is -11 - -38?
27
In base 14, what is 3 - -26?
29
In base 15, what is 6c + -13e?
-c2
In base 6, what is -25 - -500?
431
In base 2, what is -110101000 - 10?
-110101010
In base 4, what is 20 - -12?
32
In base 9, what is -35 + -22?
-57
In base 11, what is 15 - 12?
3
In base 13, what is 5 - 40?
-38
In base 2, what is -101000 - -11011010?
10110010
In base 14, what is 11 - -17?
28
In base 10, what is -12 - 63?
-75
In base 14, what is -4 - a06?
-a0a
In base 10, what is -62 + 5?
-57
In base 6, what is -1232 - -2?
-1230
In base 6, what is -3 + -12?
-15
In base 9, what is 1 - 145?
-144
In base 16, what is -58 - 6?
-5e
In base 14, what is 1 + 99?
9a
In base 8, what is -6 - -2554?
2546
In base 10, what is -23453 + -5?
-23458
In base 2, what is 11000 + -100010?
-1010
In base 7, what is -4 - -32?
25
In base 11, what is -1 - -388?
387
In base 6, what is -3 - 201?
-204
In base 9, what is 561 - 27?
533
In base 4, what is 11 - -203?
220
In base 15, what is d - 8?
5
In base 5, what is -242241 + 10?
-242231
In base 16, what is 4 + -1a?
-16
In base 15, what is -7c + 0?
-7c
In base 7, what is -45 - -26?
-16
In base 6, what is 21 + -404?
-343
In base 4, what is -11 + 312?
301
In base 9, what is -88 + 11?
-77
In base 8, what is 321 - 12?
307
In base 9, what is 184 - 271?
-76
In base 2, what is 0 - -110101?
110101
In base 11, what is 8425 + -3?
8422
In base 8, what is -12127 + 1?
-12126
In base 10, what is 879 + -2?
877
In base 14, what is 25 - 24?
1
In base 9, what is 11 + -25?
-14
In base 15, what is -1b + 271?
255
In base 6, what is -4325 - -1?
-4324
In base 10, 